{"id":3298,"date":"2023-10-22T18:57:18","date_gmt":"2023-10-22T18:57:18","guid":{"rendered":"https:\/\/www.dekaaskoning.nl\/rezepte\/pasta-mit-speckwuerfeln-und-comte\/"},"modified":"2023-12-03T19:40:56","modified_gmt":"2023-12-03T19:40:56","slug":"pasta-mit-speckwuerfeln-und-comte","status":"publish","type":"page","link":"https:\/\/www.dekaaskoning.nl\/de\/rezepte\/pasta-mit-speckwuerfeln-und-comte\/","title":{"rendered":"Pasta mit Speckw\u00fcrfeln und Comt\u00e9"},"content":{"rendered":"<!-- locatie widget -->\n<!-- locatie widget -->\n\n<!-- deze is vervangen voor balk-->\n\n<div class=\"headerimgbalk\"> \n<img decoding=\"async\" class=\"imgheader\" src=\"https:\/\/www.dekaaskoning.nl\/wp-content\/themes\/KaasKoning\/template-parts\/00-header-block\/header-image-wave.svg\"> \n\n<\/div>\n\n\n<!-- recepten zoekveld widget -->\n<!-- recepten zoekveld widget -->\n<!-- recepten overview zoekveld-->\n<!-- recepten overview zoekveld -->\n\n<!-- faq zoekveld -->\n<!-- faq zoekveld -->\n\n<div class=\"filler-header\"> <\/div>\n\n<style>\n::placeholder {\n  color: red;\n  opacity: 1; \/* Firefox *\/\n}\n\n::-ms-input-placeholder { \/* Edge 12-18 *\/\n  color: red;\n}\n<\/style>\n<div style=\"height:40px\" aria-hidden=\"true\" class=\"wp-block-spacer\"><\/div>\n\n<div class=\"wp-block-uagb-container uagb-block-a3128225 alignfull uagb-is-root-container\"><div class=\"uagb-container-inner-blocks-wrap\">\n<div class=\"wp-block-uagb-buttons uagb-buttons__outer-wrap uagb-btn__default-btn uagb-btn-tablet__default-btn uagb-btn-mobile__default-btn uagb-block-da1b4c00\"><div class=\"uagb-buttons__wrap uagb-buttons-layout-wrap\">\n<div class=\"wp-block-uagb-buttons-child uagb-buttons__outer-wrap uagb-block-259cd6ca wp-block-button\"><div class=\"uagb-button__wrapper\"><a class=\"uagb-buttons-repeater wp-block-button__link\" href=\"https:\/\/www.dekaaskoning.nl\/de\/rezepte\/\" onclick=\"return true;\" rel=\"follow noopener\" target=\"_self\"><div class=\"uagb-button__link\">Zur\u00fcck zu allen Rezepten<\/div><\/a><\/div><\/div>\n<\/div><\/div>\n<\/div><\/div>\n\n<h1 class=\"wp-block-heading has-text-align-center has-text-color\" style=\"color:#bd2322;font-size:55px\">Pasta mit Speckw\u00fcrfeln und Comt\u00e9<\/h1>\n\n<div class=\"wp-block-uagb-container uagb-block-39c613f5 alignfull uagb-is-root-container\"><div class=\"uagb-container-inner-blocks-wrap\">\n<div class=\"wp-block-uagb-container uagb-block-6d9ca190\">\n<h2 class=\"wp-block-heading has-text-align-center\">Zubereitung<\/h2>\n\n\n\n<p>Comt\u00e9 reiben. Pasta in einem Topf mit Wasser und etwas Salz nach den Anweisungen auf der Verpackung bissfest kochen. Butter in einem Topf bei niedriger Hitze zergehen lassen. Mehl hinzugeben und verr\u00fchren. Unter st\u00e4ndigem R\u00fchren nach und nach die Milch zugie\u00dfen. Eine Prise Pfeffer, Salz und geriebene Muskatnuss zugeben. Etwa 2 Minuten bei niedriger Hitze k\u00f6cheln. 2\/3 des geriebenen K\u00e4ses zugeben und so lange r\u00fchren, bis alles gut vermischt ist. Speckw\u00fcrfel kurz in einer Pfanne anbraten. Gut abtropfen lassen. Eine Auflaufform mit Butter einfetten und die Pasta darin verteilen. Die K\u00e4sesauce \u00fcber die Pasta gie\u00dfen. Mit dem Speck und dem restlichen K\u00e4se bestreuen. Zum Schluss kurz unter den Grill stellen und mit Petersilie garnieren.<\/p>\n<\/div>\n\n\n\n<div class=\"wp-block-uagb-container uagb-block-93153664\">\n<div class=\"wp-block-uagb-container uagb-block-f7f734dd alignfull uagb-is-root-container\"><div class=\"uagb-container-inner-blocks-wrap\">\n<h2 class=\"wp-block-heading\">Zutaten f\u00fcr 4 Personen:<\/h2>\n\n\n\n<ul class=\"wp-block-list\">\n<li>200 g Comt\u00e9<\/li>\n\n\n\n<li>200 g Speck in W\u00fcrfeln<\/li>\n\n\n\n<li>600 ml Vollmilch<\/li>\n\n\n\n<li>40 g Mehl<\/li>\n\n\n\n<li>450 g Pasta<\/li>\n\n\n\n<li>20 g frische Petersilie<\/li>\n\n\n\n<li>1 EL Butter<\/li>\n\n\n\n<li>Muskatnuss<\/li>\n\n\n\n<li>Pfeffer und Salz<\/li>\n<\/ul>\n<\/div><\/div>\n<\/div>\n<\/div><\/div>\n\n<div style=\"height:64px\" aria-hidden=\"true\" class=\"wp-block-spacer\"><\/div>\n\n<h2 class=\"wp-block-heading has-text-align-center has-text-color\" style=\"color:#bd2322;font-size:38px\">Wir haben diesen K\u00e4se verwendet:<\/h2>\n<div class=\"wp-block-image is-style-rounded\">\n<figure class=\"aligncenter size-full\"><a href=\"https:\/\/www.dekaaskoning.nl\/de\/kaese\/kaese-aus-europa\/\"><img loading=\"lazy\" decoding=\"async\" width=\"503\" height=\"294\" src=\"https:\/\/www.dekaaskoning.nl\/wp-content\/uploads\/2023\/10\/Sterrekaas-201708020935.jpg\" alt=\"\" class=\"wp-image-1473\" srcset=\"https:\/\/www.dekaaskoning.nl\/wp-content\/uploads\/2023\/10\/Sterrekaas-201708020935.jpg 503w, https:\/\/www.dekaaskoning.nl\/wp-content\/uploads\/2023\/10\/Sterrekaas-201708020935-300x175.jpg 300w, https:\/\/www.dekaaskoning.nl\/wp-content\/uploads\/2023\/10\/Sterrekaas-201708020935-250x146.jpg 250w\" sizes=\"auto, (max-width: 503px) 100vw, 503px\" \/><\/a><\/figure>\n<\/div>\n<h3 class=\"wp-block-heading has-text-align-center has-text-color\" style=\"color:#bd2322;font-size:27px\"><em>K\u00e4se aus Europa<\/em><\/h3>\n\n<div style=\"height:64px\" aria-hidden=\"true\" class=\"wp-block-spacer\"><\/div>\n","protected":false},"excerpt":{"rendered":"<p>Pasta mit Speckw\u00fcrfeln und Comt\u00e9 Zubereitung Comt\u00e9 reiben. Pasta in einem Topf mit Wasser und etwas Salz nach den Anweisungen auf der Verpackung bissfest kochen. Butter in einem Topf bei niedriger Hitze zergehen lassen. Mehl hinzugeben und verr\u00fchren. Unter st\u00e4ndigem R\u00fchren nach und nach die Milch zugie\u00dfen. Eine Prise Pfeffer, Salz und geriebene Muskatnuss zugeben. [&hellip;]<\/p>\n","protected":false},"author":1,"featured_media":1694,"parent":3115,"menu_order":0,"comment_status":"closed","ping_status":"open","template":"","meta":{"_acf_changed":false,"_uag_custom_page_level_css":"","footnotes":""},"class_list":["post-3298","page","type-page","status-publish","has-post-thumbnail","hentry"],"acf":[],"uagb_featured_image_src":{"full":["https:\/\/www.dekaaskoning.nl\/wp-content\/uploads\/2023\/10\/Kaaskoning-pasta-spek-en-compte.jpg",2000,680,false],"thumbnail":["https:\/\/www.dekaaskoning.nl\/wp-content\/uploads\/2023\/10\/Kaaskoning-pasta-spek-en-compte-150x150.jpg",150,150,true],"medium":["https:\/\/www.dekaaskoning.nl\/wp-content\/uploads\/2023\/10\/Kaaskoning-pasta-spek-en-compte-300x102.jpg",300,102,true],"medium_large":["https:\/\/www.dekaaskoning.nl\/wp-content\/uploads\/2023\/10\/Kaaskoning-pasta-spek-en-compte-768x261.jpg",768,261,true],"large":["https:\/\/www.dekaaskoning.nl\/wp-content\/uploads\/2023\/10\/Kaaskoning-pasta-spek-en-compte-1024x348.jpg",1024,348,true],"1536x1536":["https:\/\/www.dekaaskoning.nl\/wp-content\/uploads\/2023\/10\/Kaaskoning-pasta-spek-en-compte-1536x522.jpg",1536,522,true],"2048x2048":["https:\/\/www.dekaaskoning.nl\/wp-content\/uploads\/2023\/10\/Kaaskoning-pasta-spek-en-compte.jpg",2000,680,false],"smallvdsh":["https:\/\/www.dekaaskoning.nl\/wp-content\/uploads\/2023\/10\/Kaaskoning-pasta-spek-en-compte-500x400.jpg",500,400,true],"smallxvdsh":["https:\/\/www.dekaaskoning.nl\/wp-content\/uploads\/2023\/10\/Kaaskoning-pasta-spek-en-compte-250x85.jpg",250,85,true],"mediumvdsh":["https:\/\/www.dekaaskoning.nl\/wp-content\/uploads\/2023\/10\/Kaaskoning-pasta-spek-en-compte-1100x400.jpg",1100,400,true],"bigvdsh":["https:\/\/www.dekaaskoning.nl\/wp-content\/uploads\/2023\/10\/Kaaskoning-pasta-spek-en-compte-2000x400.jpg",2000,400,true],"contentlarge":["https:\/\/www.dekaaskoning.nl\/wp-content\/uploads\/2023\/10\/Kaaskoning-pasta-spek-en-compte-900x306.jpg",900,306,true]},"uagb_author_info":{"display_name":"admin","author_link":"https:\/\/www.dekaaskoning.nl\/de\/author\/admin\/"},"uagb_comment_info":0,"uagb_excerpt":"Pasta mit Speckw\u00fcrfeln und Comt\u00e9 Zubereitung Comt\u00e9 reiben. Pasta in einem Topf mit Wasser und etwas Salz nach den Anweisungen auf der Verpackung bissfest kochen. Butter in einem Topf bei niedriger Hitze zergehen lassen. Mehl hinzugeben und verr\u00fchren. Unter st\u00e4ndigem R\u00fchren nach und nach die Milch zugie\u00dfen. Eine Prise Pfeffer, Salz und geriebene Muskatnuss zugeben.&hellip;","_links":{"self":[{"href":"https:\/\/www.dekaaskoning.nl\/de\/wp-json\/wp\/v2\/pages\/3298","targetHints":{"allow":["GET"]}}],"collection":[{"href":"https:\/\/www.dekaaskoning.nl\/de\/wp-json\/wp\/v2\/pages"}],"about":[{"href":"https:\/\/www.dekaaskoning.nl\/de\/wp-json\/wp\/v2\/types\/page"}],"author":[{"embeddable":true,"href":"https:\/\/www.dekaaskoning.nl\/de\/wp-json\/wp\/v2\/users\/1"}],"replies":[{"embeddable":true,"href":"https:\/\/www.dekaaskoning.nl\/de\/wp-json\/wp\/v2\/comments?post=3298"}],"version-history":[{"count":1,"href":"https:\/\/www.dekaaskoning.nl\/de\/wp-json\/wp\/v2\/pages\/3298\/revisions"}],"predecessor-version":[{"id":3299,"href":"https:\/\/www.dekaaskoning.nl\/de\/wp-json\/wp\/v2\/pages\/3298\/revisions\/3299"}],"up":[{"embeddable":true,"href":"https:\/\/www.dekaaskoning.nl\/de\/wp-json\/wp\/v2\/pages\/3115"}],"wp:featuredmedia":[{"embeddable":true,"href":"https:\/\/www.dekaaskoning.nl\/de\/wp-json\/wp\/v2\/media\/1694"}],"wp:attachment":[{"href":"https:\/\/www.dekaaskoning.nl\/de\/wp-json\/wp\/v2\/media?parent=3298"}],"curies":[{"name":"wp","href":"https:\/\/api.w.org\/{rel}","templated":true}]}}

Pasta mit Speckwürfeln und Comté

<!-- locatie widget -->
<!-- locatie widget -->

<!-- deze is vervangen voor balk-->

<div class="headerimgbalk"> 
<img decoding="async" class="imgheader" src="https://www.dekaaskoning.nl/wp-content/themes/KaasKoning/template-parts/00-header-block/header-image-wave.svg"> 

</div>


<!-- recepten zoekveld widget -->
<!-- recepten zoekveld widget -->
<!-- recepten overview zoekveld-->
<!-- recepten overview zoekveld -->

<!-- faq zoekveld -->
<!-- faq zoekveld -->

<div class="filler-header"> </div>

<style>
::placeholder {
  color: red;
  opacity: 1; /* Firefox */
}

::-ms-input-placeholder { /* Edge 12-18 */
  color: red;
}
</style>
<div style="height:40px" aria-hidden="true" class="wp-block-spacer"></div>

<div class="wp-block-uagb-container uagb-block-a3128225 alignfull uagb-is-root-container"><div class="uagb-container-inner-blocks-wrap">
<div class="wp-block-uagb-buttons uagb-buttons__outer-wrap uagb-btn__default-btn uagb-btn-tablet__default-btn uagb-btn-mobile__default-btn uagb-block-da1b4c00"><div class="uagb-buttons__wrap uagb-buttons-layout-wrap">
<div class="wp-block-uagb-buttons-child uagb-buttons__outer-wrap uagb-block-259cd6ca wp-block-button"><div class="uagb-button__wrapper"><a class="uagb-buttons-repeater wp-block-button__link" href="https://www.dekaaskoning.nl/de/rezepte/" onclick="return true;" rel="follow noopener" target="_self"><div class="uagb-button__link">Zurück zu allen Rezepten</div></a></div></div>
</div></div>
</div></div>

<h1 class="wp-block-heading has-text-align-center has-text-color" style="color:#bd2322;font-size:55px">Pasta mit Speckwürfeln und Comté</h1>

<div class="wp-block-uagb-container uagb-block-39c613f5 alignfull uagb-is-root-container"><div class="uagb-container-inner-blocks-wrap">
<div class="wp-block-uagb-container uagb-block-6d9ca190">
<h2 class="wp-block-heading has-text-align-center">Zubereitung</h2>



<p>Comté reiben. Pasta in einem Topf mit Wasser und etwas Salz nach den Anweisungen auf der Verpackung bissfest kochen. Butter in einem Topf bei niedriger Hitze zergehen lassen. Mehl hinzugeben und verrühren. Unter ständigem Rühren nach und nach die Milch zugießen. Eine Prise Pfeffer, Salz und geriebene Muskatnuss zugeben. Etwa 2 Minuten bei niedriger Hitze köcheln. 2/3 des geriebenen Käses zugeben und so lange rühren, bis alles gut vermischt ist. Speckwürfel kurz in einer Pfanne anbraten. Gut abtropfen lassen. Eine Auflaufform mit Butter einfetten und die Pasta darin verteilen. Die Käsesauce über die Pasta gießen. Mit dem Speck und dem restlichen Käse bestreuen. Zum Schluss kurz unter den Grill stellen und mit Petersilie garnieren.</p>
</div>



<div class="wp-block-uagb-container uagb-block-93153664">
<div class="wp-block-uagb-container uagb-block-f7f734dd alignfull uagb-is-root-container"><div class="uagb-container-inner-blocks-wrap">
<h2 class="wp-block-heading">Zutaten für 4 Personen:</h2>



<ul class="wp-block-list">
<li>200 g Comté</li>



<li>200 g Speck in Würfeln</li>



<li>600 ml Vollmilch</li>



<li>40 g Mehl</li>



<li>450 g Pasta</li>



<li>20 g frische Petersilie</li>



<li>1 EL Butter</li>



<li>Muskatnuss</li>



<li>Pfeffer und Salz</li>
</ul>
</div></div>
</div>
</div></div>

<div style="height:64px" aria-hidden="true" class="wp-block-spacer"></div>

<h2 class="wp-block-heading has-text-align-center has-text-color" style="color:#bd2322;font-size:38px">Wir haben diesen Käse verwendet:</h2>
<div class="wp-block-image is-style-rounded">
<figure class="aligncenter size-full"><a href="https://www.dekaaskoning.nl/de/kaese/kaese-aus-europa/"><img loading="lazy" decoding="async" width="503" height="294" src="https://www.dekaaskoning.nl/wp-content/uploads/2023/10/Sterrekaas-201708020935.jpg" alt="" class="wp-image-1473" srcset="https://www.dekaaskoning.nl/wp-content/uploads/2023/10/Sterrekaas-201708020935.jpg 503w, https://www.dekaaskoning.nl/wp-content/uploads/2023/10/Sterrekaas-201708020935-300x175.jpg 300w, https://www.dekaaskoning.nl/wp-content/uploads/2023/10/Sterrekaas-201708020935-250x146.jpg 250w" sizes="auto, (max-width: 503px) 100vw, 503px" /></a></figure>
</div>
<h3 class="wp-block-heading has-text-align-center has-text-color" style="color:#bd2322;font-size:27px"><em>Käse aus Europa</em></h3>

<div style="height:64px" aria-hidden="true" class="wp-block-spacer"></div>

<p>Pasta mit Speckwürfeln und Comté Zubereitung Comté reiben. Pasta in einem Topf mit Wasser und etwas Salz nach den Anweisungen auf der Verpackung bissfest kochen. Butter in einem Topf bei niedriger Hitze zergehen lassen. Mehl hinzugeben und verrühren. Unter ständigem Rühren nach und nach die Milch zugießen. Eine Prise Pfeffer, Salz und geriebene Muskatnuss zugeben. [&hellip;]</p>

Pasta mit Speckwürfeln und Comté Zubereitung Comté reiben. Pasta in einem Topf mit Wasser und etwas Salz nach den Anweisungen auf der Verpackung bissfest kochen. Butter in einem Topf bei niedriger Hitze zergehen lassen. Mehl hinzugeben und verrühren. Unter ständigem Rühren nach und nach die Milch zugießen. Eine Prise Pfeffer, Salz und geriebene Muskatnuss zugeben.&hellip;
